{"id":308,"date":"2026-01-26T12:55:10","date_gmt":"2026-01-26T12:55:10","guid":{"rendered":"https:\/\/4whospedagem.com.br\/duda\/cliente23\/?page_id=308"},"modified":"2026-01-26T13:01:34","modified_gmt":"2026-01-26T13:01:34","slug":"servicos","status":"publish","type":"page","link":"https:\/\/4whospedagem.com.br\/duda\/cliente23\/servicos\/","title":{"rendered":"SERVI\u00c7OS"},"content":{"rendered":"\t\t<div data-elementor-type=\"wp-page\" data-elementor-id=\"308\" class=\"elementor elementor-308\" data-elementor-post-type=\"page\">\n\t\t\t\t<div class=\"elementor-element elementor-element-428cfd3 e-flex e-con-boxed e-con e-parent\" data-id=\"428cfd3\" data-element_type=\"container\" data-settings=\"{&quot;background_background&quot;:&quot;video&quot;,&quot;background_video_link&quot;:&quot;https:\\\/\\\/4whospedagem.com.br\\\/duda\\\/cliente23\\\/wp-content\\\/uploads\\\/2026\\\/01\\\/WuVA6abFROC30syUl9Fk_JPFiltros-VideosBannerEmConstrucao-v.mp4&quot;,&quot;background_play_on_mobile&quot;:&quot;yes&quot;}\">\n\t\t\t\t\t<div class=\"e-con-inner\">\n\t\t<div class=\"elementor-background-video-container\" aria-hidden=\"true\">\n\t\t\t\t\t\t\t<video class=\"elementor-background-video-hosted\" autoplay muted playsinline loop><\/video>\n\t\t\t\t\t<\/div>\t\t<div class=\"elementor-element elementor-element-781a02d elementor-invisible elementor-widget elementor-widget-heading\" data-id=\"781a02d\" data-element_type=\"widget\" data-settings=\"{&quot;_animation&quot;:&quot;fadeInUp&quot;}\" data-widget_type=\"heading.default\">\n\t\t\t\t\t<h2 class=\"elementor-heading-title elementor-size-default\">Nossos Servi\u00e7os<\/h2>\t\t\t\t<\/div>\n\t\t\t\t\t<\/div>\n\t\t\t\t<\/div>\n\t\t<div class=\"elementor-element elementor-element-9db5139 e-flex e-con-boxed e-con e-parent\" data-id=\"9db5139\" data-element_type=\"container\">\n\t\t\t\t\t<div class=\"e-con-inner\">\n\t\t\t\t<div class=\"elementor-element elementor-element-1386d90 elementor-widget elementor-widget-text-editor\" data-id=\"1386d90\" data-element_type=\"widget\" data-widget_type=\"text-editor.default\">\n\t\t\t\t\t\t\t\t\t<p>Oferecemos todo suporte necess\u00e1rio<br \/>para manter sua \u00e1gua sempre limpa!<\/p>\t\t\t\t\t\t\t\t<\/div>\n\t\t\t\t\t<\/div>\n\t\t\t\t<\/div>\n\t\t<div class=\"elementor-element elementor-element-3e57b82 e-con-full e-flex e-con e-child\" data-id=\"3e57b82\" data-element_type=\"container\">\n\t\t<div class=\"elementor-element elementor-element-1c6ae52 e-con-full e-flex e-con e-child\" data-id=\"1c6ae52\" data-element_type=\"container\">\n\t\t<div class=\"elementor-element elementor-element-457f354 e-con-full e-flex e-con e-child\" data-id=\"457f354\" data-element_type=\"container\">\n\t\t<div class=\"elementor-element elementor-element-5aacc92 e-con-full e-flex e-con e-child\" data-id=\"5aacc92\" data-element_type=\"container\">\n\t\t\t\t<div class=\"elementor-element elementor-element-30c86b4 elementor-widget elementor-widget-image\" data-id=\"30c86b4\" data-element_type=\"widget\" data-widget_type=\"image.default\">\n\t\t\t\t\t\t\t\t\t\t\t\t\t\t\t\t<a href=\"https:\/\/4whospedagem.com.br\/duda\/cliente23\/contato-2\/\">\n\t\t\t\t\t\t\t<img fetchpriority=\"high\" decoding=\"async\" width=\"500\" height=\"500\" src=\"https:\/\/4whospedagem.com.br\/duda\/cliente23\/wp-content\/uploads\/2026\/01\/1-83e3b444.png\" class=\"elementor-animation-grow attachment-large size-large wp-image-125\" alt=\"\" srcset=\"https:\/\/4whospedagem.com.br\/duda\/cliente23\/wp-content\/uploads\/2026\/01\/1-83e3b444.png 500w, https:\/\/4whospedagem.com.br\/duda\/cliente23\/wp-content\/uploads\/2026\/01\/1-83e3b444-300x300.png 300w, https:\/\/4whospedagem.com.br\/duda\/cliente23\/wp-content\/uploads\/2026\/01\/1-83e3b444-150x150.png 150w\" sizes=\"(max-width: 500px) 100vw, 500px\" \/>\t\t\t\t\t\t\t\t<\/a>\n\t\t\t\t\t\t\t\t\t\t\t\t\t\t\t<\/div>\n\t\t\t\t<div class=\"elementor-element elementor-element-f611b23 elementor-widget elementor-widget-text-editor\" data-id=\"f611b23\" data-element_type=\"widget\" data-widget_type=\"text-editor.default\">\n\t\t\t\t\t\t\t\t\t<p><a href=\"\/HIGENIZA\u00c7\u00c3O\">Higeniza\u00e7\u00e3o de Filtros e Bebedouros<\/a><\/p>\t\t\t\t\t\t\t\t<\/div>\n\t\t\t\t<\/div>\n\t\t<div class=\"elementor-element elementor-element-0bde457 e-con-full e-flex e-con e-child\" data-id=\"0bde457\" data-element_type=\"container\">\n\t\t\t\t<div class=\"elementor-element elementor-element-c9bb08a elementor-widget elementor-widget-image\" data-id=\"c9bb08a\" data-element_type=\"widget\" data-widget_type=\"image.default\">\n\t\t\t\t\t\t\t\t\t\t\t\t\t\t\t\t<a href=\"https:\/\/4whospedagem.com.br\/duda\/cliente23\/instalacao\/\">\n\t\t\t\t\t\t\t<img decoding=\"async\" width=\"500\" height=\"500\" src=\"https:\/\/4whospedagem.com.br\/duda\/cliente23\/wp-content\/uploads\/2026\/01\/2-2d7ad950.png\" class=\"elementor-animation-grow attachment-large size-large wp-image-128\" alt=\"\" srcset=\"https:\/\/4whospedagem.com.br\/duda\/cliente23\/wp-content\/uploads\/2026\/01\/2-2d7ad950.png 500w, https:\/\/4whospedagem.com.br\/duda\/cliente23\/wp-content\/uploads\/2026\/01\/2-2d7ad950-300x300.png 300w, https:\/\/4whospedagem.com.br\/duda\/cliente23\/wp-content\/uploads\/2026\/01\/2-2d7ad950-150x150.png 150w\" sizes=\"(max-width: 500px) 100vw, 500px\" \/>\t\t\t\t\t\t\t\t<\/a>\n\t\t\t\t\t\t\t\t\t\t\t\t\t\t\t<\/div>\n\t\t\t\t<div class=\"elementor-element elementor-element-ea1be8c elementor-widget elementor-widget-text-editor\" data-id=\"ea1be8c\" data-element_type=\"widget\" data-widget_type=\"text-editor.default\">\n\t\t\t\t\t\t\t\t\t<p><a href=\"https:\/\/4whospedagem.com.br\/duda\/cliente23\/instalacao\/\">Instala\u00e7\u00e3o de Filtros e Bebedouros<\/a><\/p>\t\t\t\t\t\t\t\t<\/div>\n\t\t\t\t<\/div>\n\t\t<div class=\"elementor-element elementor-element-3a7df07 e-con-full e-flex e-con e-child\" data-id=\"3a7df07\" data-element_type=\"container\">\n\t\t\t\t<div class=\"elementor-element elementor-element-83f536f elementor-widget elementor-widget-image\" data-id=\"83f536f\" data-element_type=\"widget\" data-widget_type=\"image.default\">\n\t\t\t\t\t\t\t\t\t\t\t\t\t\t\t\t<a href=\"https:\/\/4whospedagem.com.br\/duda\/cliente23\/locacao\/\">\n\t\t\t\t\t\t\t<img decoding=\"async\" width=\"500\" height=\"500\" src=\"https:\/\/4whospedagem.com.br\/duda\/cliente23\/wp-content\/uploads\/2026\/01\/5.png\" class=\"elementor-animation-grow attachment-large size-large wp-image-126\" alt=\"\" srcset=\"https:\/\/4whospedagem.com.br\/duda\/cliente23\/wp-content\/uploads\/2026\/01\/5.png 500w, https:\/\/4whospedagem.com.br\/duda\/cliente23\/wp-content\/uploads\/2026\/01\/5-300x300.png 300w, https:\/\/4whospedagem.com.br\/duda\/cliente23\/wp-content\/uploads\/2026\/01\/5-150x150.png 150w\" sizes=\"(max-width: 500px) 100vw, 500px\" \/>\t\t\t\t\t\t\t\t<\/a>\n\t\t\t\t\t\t\t\t\t\t\t\t\t\t\t<\/div>\n\t\t\t\t<div class=\"elementor-element elementor-element-fdba30a elementor-widget elementor-widget-text-editor\" data-id=\"fdba30a\" data-element_type=\"widget\" data-widget_type=\"text-editor.default\">\n\t\t\t\t\t\t\t\t\t<p><a href=\"https:\/\/4whospedagem.com.br\/duda\/cliente23\/locacao\/\">Loca\u00e7\u00e3o de Bebedouros e Purificador de \u00c1gua<\/a><\/p>\t\t\t\t\t\t\t\t<\/div>\n\t\t\t\t<\/div>\n\t\t<div class=\"elementor-element elementor-element-27cb78a e-con-full e-flex e-con e-child\" data-id=\"27cb78a\" data-element_type=\"container\">\n\t\t\t\t<div class=\"elementor-element elementor-element-29104a0 elementor-widget elementor-widget-image\" data-id=\"29104a0\" data-element_type=\"widget\" data-widget_type=\"image.default\">\n\t\t\t\t\t\t\t\t\t\t\t\t\t\t\t\t<a href=\"https:\/\/4whospedagem.com.br\/duda\/cliente23\/manutencao\/\">\n\t\t\t\t\t\t\t<img decoding=\"async\" width=\"500\" height=\"500\" src=\"https:\/\/4whospedagem.com.br\/duda\/cliente23\/wp-content\/uploads\/2026\/01\/2-2d7ad950.png\" class=\"elementor-animation-grow attachment-large size-large wp-image-128\" alt=\"\" srcset=\"https:\/\/4whospedagem.com.br\/duda\/cliente23\/wp-content\/uploads\/2026\/01\/2-2d7ad950.png 500w, https:\/\/4whospedagem.com.br\/duda\/cliente23\/wp-content\/uploads\/2026\/01\/2-2d7ad950-300x300.png 300w, https:\/\/4whospedagem.com.br\/duda\/cliente23\/wp-content\/uploads\/2026\/01\/2-2d7ad950-150x150.png 150w\" sizes=\"(max-width: 500px) 100vw, 500px\" \/>\t\t\t\t\t\t\t\t<\/a>\n\t\t\t\t\t\t\t\t\t\t\t\t\t\t\t<\/div>\n\t\t\t\t<div class=\"elementor-element elementor-element-72acfad elementor-widget elementor-widget-text-editor\" data-id=\"72acfad\" data-element_type=\"widget\" data-widget_type=\"text-editor.default\">\n\t\t\t\t\t\t\t\t\t<p><a href=\"https:\/\/4whospedagem.com.br\/duda\/cliente23\/manutencao\/\">Manuten\u00e7\u00e3o de Filtros e Bebedouros<\/a><\/p>\t\t\t\t\t\t\t\t<\/div>\n\t\t\t\t<\/div>\n\t\t<div class=\"elementor-element elementor-element-a26ae74 e-con-full e-flex e-con e-child\" data-id=\"a26ae74\" data-element_type=\"container\">\n\t\t\t\t<div class=\"elementor-element elementor-element-207d9e2 elementor-widget elementor-widget-image\" data-id=\"207d9e2\" data-element_type=\"widget\" data-widget_type=\"image.default\">\n\t\t\t\t\t\t\t\t\t\t\t\t\t\t\t\t<a href=\"https:\/\/4whospedagem.com.br\/duda\/cliente23\/analise-de-agua\/\">\n\t\t\t\t\t\t\t<img loading=\"lazy\" decoding=\"async\" width=\"500\" height=\"500\" src=\"https:\/\/4whospedagem.com.br\/duda\/cliente23\/wp-content\/uploads\/2026\/01\/3-a32e5cee.png\" class=\"elementor-animation-grow attachment-large size-large wp-image-127\" alt=\"\" srcset=\"https:\/\/4whospedagem.com.br\/duda\/cliente23\/wp-content\/uploads\/2026\/01\/3-a32e5cee.png 500w, https:\/\/4whospedagem.com.br\/duda\/cliente23\/wp-content\/uploads\/2026\/01\/3-a32e5cee-300x300.png 300w, https:\/\/4whospedagem.com.br\/duda\/cliente23\/wp-content\/uploads\/2026\/01\/3-a32e5cee-150x150.png 150w\" sizes=\"(max-width: 500px) 100vw, 500px\" \/>\t\t\t\t\t\t\t\t<\/a>\n\t\t\t\t\t\t\t\t\t\t\t\t\t\t\t<\/div>\n\t\t\t\t<div class=\"elementor-element elementor-element-ed82192 elementor-widget elementor-widget-text-editor\" data-id=\"ed82192\" data-element_type=\"widget\" data-widget_type=\"text-editor.default\">\n\t\t\t\t\t\t\t\t\t<p><a href=\"https:\/\/4whospedagem.com.br\/duda\/cliente23\/analise-de-agua\/\">An\u00e1lise de \u00c1gua<\/a><\/p>\t\t\t\t\t\t\t\t<\/div>\n\t\t\t\t<\/div>\n\t\t\t\t<\/div>\n\t\t\t\t<div class=\"elementor-element elementor-element-117163d elementor-align-center elementor-widget elementor-widget-button\" data-id=\"117163d\" data-element_type=\"widget\" data-widget_type=\"button.default\">\n\t\t\t\t\t\t\t\t\t\t<a class=\"elementor-button elementor-button-link elementor-size-sm\" href=\"https:\/\/api.whatsapp.com\/send?phone=5511912012015\">\n\t\t\t\t\t\t<span class=\"elementor-button-content-wrapper\">\n\t\t\t\t\t\t\t\t\t<span class=\"elementor-button-text\">SOLICITAR OR\u00c7AMENTO<\/span>\n\t\t\t\t\t<\/span>\n\t\t\t\t\t<\/a>\n\t\t\t\t\t\t\t\t<\/div>\n\t\t\t\t<\/div>\n\t\t\t\t<\/div>\n\t\t\t\t<\/div>\n\t\t","protected":false},"excerpt":{"rendered":"<p>Nossos Servi\u00e7os Oferecemos todo suporte necess\u00e1riopara manter sua \u00e1gua sempre limpa! Higeniza\u00e7\u00e3o de Filtros e Bebedouros Instala\u00e7\u00e3o de Filtros e Bebedouros Loca\u00e7\u00e3o de Bebedouros e Purificador de \u00c1gua Manuten\u00e7\u00e3o de Filtros e Bebedouros An\u00e1lise de \u00c1gua SOLICITAR OR\u00c7AMENTO<\/p>\n","protected":false},"author":1,"featured_media":0,"parent":0,"menu_order":0,"comment_status":"closed","ping_status":"closed","template":"","meta":{"footnotes":""},"class_list":["post-308","page","type-page","status-publish","hentry"],"_links":{"self":[{"href":"https:\/\/4whospedagem.com.br\/duda\/cliente23\/wp-json\/wp\/v2\/pages\/308","targetHints":{"allow":["GET"]}}],"collection":[{"href":"https:\/\/4whospedagem.com.br\/duda\/cliente23\/wp-json\/wp\/v2\/pages"}],"about":[{"href":"https:\/\/4whospedagem.com.br\/duda\/cliente23\/wp-json\/wp\/v2\/types\/page"}],"author":[{"embeddable":true,"href":"https:\/\/4whospedagem.com.br\/duda\/cliente23\/wp-json\/wp\/v2\/users\/1"}],"replies":[{"embeddable":true,"href":"https:\/\/4whospedagem.com.br\/duda\/cliente23\/wp-json\/wp\/v2\/comments?post=308"}],"version-history":[{"count":7,"href":"https:\/\/4whospedagem.com.br\/duda\/cliente23\/wp-json\/wp\/v2\/pages\/308\/revisions"}],"predecessor-version":[{"id":320,"href":"https:\/\/4whospedagem.com.br\/duda\/cliente23\/wp-json\/wp\/v2\/pages\/308\/revisions\/320"}],"wp:attachment":[{"href":"https:\/\/4whospedagem.com.br\/duda\/cliente23\/wp-json\/wp\/v2\/media?parent=308"}],"curies":[{"name":"wp","href":"https:\/\/api.w.org\/{rel}","templated":true}]}}