{"id":83,"date":"2025-10-09T19:32:58","date_gmt":"2025-10-09T19:32:58","guid":{"rendered":"https:\/\/4whospedagem.com.br\/duda\/cliente10\/?page_id=83"},"modified":"2025-10-13T20:34:31","modified_gmt":"2025-10-13T20:34:31","slug":"manutencao","status":"publish","type":"page","link":"https:\/\/4whospedagem.com.br\/duda\/cliente10\/manutencao\/","title":{"rendered":"Manuten\u00e7\u00e3o"},"content":{"rendered":"\t\t<div data-elementor-type=\"wp-page\" data-elementor-id=\"83\" class=\"elementor elementor-83\" data-elementor-post-type=\"page\">\n\t\t\t\t<div class=\"elementor-element elementor-element-d80f12a e-flex e-con-boxed e-con e-parent\" data-id=\"d80f12a\" data-element_type=\"container\" data-settings=\"{&quot;background_background&quot;:&quot;classic&quot;}\">\n\t\t\t\t\t<div class=\"e-con-inner\">\n\t\t\t\t<div class=\"elementor-element elementor-element-ed00062 elementor-invisible elementor-widget elementor-widget-heading\" data-id=\"ed00062\" data-element_type=\"widget\" data-settings=\"{&quot;_animation&quot;:&quot;bounceIn&quot;}\" data-widget_type=\"heading.default\">\n\t\t\t\t\t<h2 class=\"elementor-heading-title elementor-size-default\">Manuten\u00e7\u00e3o de Empilhadeiras<\/h2>\t\t\t\t<\/div>\n\t\t\t\t\t<\/div>\n\t\t\t\t<\/div>\n\t\t<div class=\"elementor-element elementor-element-b2a34db e-flex e-con-boxed e-con e-parent\" data-id=\"b2a34db\" data-element_type=\"container\">\n\t\t\t\t\t<div class=\"e-con-inner\">\n\t\t<div class=\"elementor-element elementor-element-bb7c806 e-con-full e-flex e-con e-child\" data-id=\"bb7c806\" data-element_type=\"container\">\n\t\t\t\t<div class=\"elementor-element elementor-element-653e2e1 elementor-widget elementor-widget-image\" data-id=\"653e2e1\" data-element_type=\"widget\" data-widget_type=\"image.default\">\n\t\t\t\t\t\t\t\t\t\t\t\t\t\t\t<img fetchpriority=\"high\" decoding=\"async\" width=\"500\" height=\"500\" src=\"https:\/\/4whospedagem.com.br\/duda\/cliente10\/wp-content\/uploads\/2025\/10\/Empilhadeiras-1920w.webp\" class=\"attachment-large size-large wp-image-85\" alt=\"\" srcset=\"https:\/\/4whospedagem.com.br\/duda\/cliente10\/wp-content\/uploads\/2025\/10\/Empilhadeiras-1920w.webp 500w, https:\/\/4whospedagem.com.br\/duda\/cliente10\/wp-content\/uploads\/2025\/10\/Empilhadeiras-1920w-300x300.webp 300w, https:\/\/4whospedagem.com.br\/duda\/cliente10\/wp-content\/uploads\/2025\/10\/Empilhadeiras-1920w-150x150.webp 150w\" sizes=\"(max-width: 500px) 100vw, 500px\" \/>\t\t\t\t\t\t\t\t\t\t\t\t\t\t\t<\/div>\n\t\t\t\t<\/div>\n\t\t<div class=\"elementor-element elementor-element-c0145d9 e-con-full e-flex e-con e-child\" data-id=\"c0145d9\" data-element_type=\"container\">\n\t\t\t\t<div class=\"elementor-element elementor-element-48fa267 elementor-widget-divider--view-line elementor-widget elementor-widget-divider\" data-id=\"48fa267\" data-element_type=\"widget\" data-widget_type=\"divider.default\">\n\t\t\t\t\t\t\t<div class=\"elementor-divider\">\n\t\t\t<span class=\"elementor-divider-separator\">\n\t\t\t\t\t\t<\/span>\n\t\t<\/div>\n\t\t\t\t\t\t<\/div>\n\t\t\t\t<div class=\"elementor-element elementor-element-8428e02 elementor-widget elementor-widget-heading\" data-id=\"8428e02\" data-element_type=\"widget\" data-widget_type=\"heading.default\">\n\t\t\t\t\t<h2 class=\"elementor-heading-title elementor-size-default\">Manuten\u00e7\u00e3o<\/h2>\t\t\t\t<\/div>\n\t\t\t\t<div class=\"elementor-element elementor-element-921bd77 elementor-widget elementor-widget-text-editor\" data-id=\"921bd77\" data-element_type=\"widget\" data-widget_type=\"text-editor.default\">\n\t\t\t\t\t\t\t\t\t<p class=\"m-text-align-justify m-size-16 size-18\"><strong class=\"m-font-size-16 font-size-18\">Diminua a incid\u00eancia de paradas de seus equipamentos com os servi\u00e7os de manuten\u00e7\u00e3o preventiva e corretiva.<\/strong><\/p><p class=\"m-text-align-justify m-size-16 size-18\"><span class=\"m-font-size-16 font-size-18\">A<\/span> <strong class=\"m-font-size-16 font-size-18\">manuten\u00e7\u00e3o preventiva<\/strong> <span class=\"m-font-size-16 font-size-18\">garante o bom funcionamento da empilhadeira, reduz custos com reparos inesperados e n\u00e3o compromete a produtividade.<\/span><\/p><p class=\"m-text-align-justify m-size-16 size-18\"><span class=\"m-font-size-16 font-size-18\">\u00c9 recomendado pelo fabricante que a sua empilhadeira seja revisada a cada 250 horas ou 3 meses. Dependendo da marca esse prazo pode chegar at\u00e9 a cada 500 horas. Essa revis\u00e3o \u00e9 realizada para garantir a melhor efic\u00e1cia da sua empilhadeira e evitando que a mesma pare inesperadamente por desgaste excessivo.<\/span><\/p><p class=\"m-text-align-justify m-size-16 size-18\"><span class=\"m-font-size-16 font-size-18\">Lembrando que a manuten\u00e7\u00e3o das empilhadeiras come\u00e7a com o cuidado di\u00e1rio. Alguns itens devem ser checados todos os dias pelos operadores das m\u00e1quinas, evitando desgaste prematuro de pe\u00e7as e quebras inesperadas.<\/span><\/p><p class=\"m-text-align-justify m-size-16 text-align-left size-18\"><span class=\"m-font-size-16 font-size-18\">Conhe\u00e7a o contrato ASL de manuten\u00e7\u00e3o.<\/span><\/p>\t\t\t\t\t\t\t\t<\/div>\n\t\t\t\t<div class=\"elementor-element elementor-element-f97a239 elementor-invisible elementor-widget elementor-widget-button\" data-id=\"f97a239\" data-element_type=\"widget\" data-settings=\"{&quot;_animation&quot;:&quot;slideInRight&quot;}\" data-widget_type=\"button.default\">\n\t\t\t\t\t\t\t\t\t\t<a class=\"elementor-button elementor-button-link elementor-size-sm\" href=\"https:\/\/4whospedagem.com.br\/duda\/cliente10\/contato\/\">\n\t\t\t\t\t\t<span class=\"elementor-button-content-wrapper\">\n\t\t\t\t\t\t\t\t\t<span class=\"elementor-button-text\">Solicite um or\u00e7amento<\/span>\n\t\t\t\t\t<\/span>\n\t\t\t\t\t<\/a>\n\t\t\t\t\t\t\t\t<\/div>\n\t\t\t\t<\/div>\n\t\t\t\t\t<\/div>\n\t\t\t\t<\/div>\n\t\t\t\t<\/div>\n\t\t","protected":false},"excerpt":{"rendered":"<p>Manuten\u00e7\u00e3o de Empilhadeiras Manuten\u00e7\u00e3o Diminua a incid\u00eancia de paradas de seus equipamentos com os servi\u00e7os de manuten\u00e7\u00e3o preventiva e corretiva. A manuten\u00e7\u00e3o preventiva garante o bom funcionamento da empilhadeira, reduz custos com reparos inesperados e n\u00e3o compromete a produtividade. \u00c9 recomendado pelo fabricante que a sua empilhadeira seja revisada a cada 250 horas ou 3 [&hellip;]<\/p>\n","protected":false},"author":1,"featured_media":0,"parent":0,"menu_order":0,"comment_status":"closed","ping_status":"closed","template":"","meta":{"footnotes":""},"class_list":["post-83","page","type-page","status-publish","hentry"],"_links":{"self":[{"href":"https:\/\/4whospedagem.com.br\/duda\/cliente10\/wp-json\/wp\/v2\/pages\/83","targetHints":{"allow":["GET"]}}],"collection":[{"href":"https:\/\/4whospedagem.com.br\/duda\/cliente10\/wp-json\/wp\/v2\/pages"}],"about":[{"href":"https:\/\/4whospedagem.com.br\/duda\/cliente10\/wp-json\/wp\/v2\/types\/page"}],"author":[{"embeddable":true,"href":"https:\/\/4whospedagem.com.br\/duda\/cliente10\/wp-json\/wp\/v2\/users\/1"}],"replies":[{"embeddable":true,"href":"https:\/\/4whospedagem.com.br\/duda\/cliente10\/wp-json\/wp\/v2\/comments?post=83"}],"version-history":[{"count":10,"href":"https:\/\/4whospedagem.com.br\/duda\/cliente10\/wp-json\/wp\/v2\/pages\/83\/revisions"}],"predecessor-version":[{"id":221,"href":"https:\/\/4whospedagem.com.br\/duda\/cliente10\/wp-json\/wp\/v2\/pages\/83\/revisions\/221"}],"wp:attachment":[{"href":"https:\/\/4whospedagem.com.br\/duda\/cliente10\/wp-json\/wp\/v2\/media?parent=83"}],"curies":[{"name":"wp","href":"https:\/\/api.w.org\/{rel}","templated":true}]}}